-15024?
-19945
In base 16, what is 391 - -ed5?
1266
In base 2, what is -111111101101110101001 - 10?
-111111101101110101011
In base 11, what is 231436751 + -4?
231436748
In base 5, what is -3 + 1233330402?
1233330344
In base 16, what is 333d2760 + -3?
333d275d
In base 13, what is -9a + 850a9?
8500c
In base 6, what is 1 + 1431230332?
1431230333
In base 3, what is 10121 + -112112200210100?
-112112200122202
In base 14, what is -5 + 2d11d8?
2d11d3
In base 6, what is 34422041 + -20?
34422021
In base 16, what is 4 + 39d8e0?
39d8e4
In base 12, what is -32480530 + -1?
-32480531
In base 8, what is 10241614 + -13?
10241601
In base 15, what is 6b8 + 221e?
28d7
In base 11, what is 5 - -1269a075?
1269a07a
In base 8, what is 0 - 242166532?
-242166532
In base 5, what is 3431131421 - 0?
3431131421
In base 13, what is 8aa5 - -5582?
11357
In base 9, what is 4255502 + 41?
4255543
In base 12, what is 8268 + -3b8?
7a70
In base 5, what is 41343424 + 1344?
41400323
In base 8, what is 112237 - -42?
112301
In base 2, what is -100110000011110111101111001 - 1?
-100110000011110111101111010
In base 16, what is -3d + -ed79?
-edb6
In base 8, what is 42270 - -3113?
45403
In base 8, what is 1642406 - 27?
1642357
In base 6, what is 43500110 - 32?
43500034
In base 8, what is 75 - -410163?
410260
In base 16, what is -13e212 - 103?
-13e315
In base 5, what is -332033131 - -142?
-332032434
In base 2, what is 11 - 10010100101001010100110111?
-10010100101001010100110100
In base 8, what is 140333 - 104?
140227
In base 8, what is -4 - 4530113?
-4530117
In base 4, what is 1200110020113 + 11?
1200110020130
In base 7, what is -11234413154 - -4?
-11234413150
In base 14, what is a806 - -106?
a90c
In base 7, what is -4 + -1501206001?
-1501206005
In base 8, what is 14631340 + -15?
14631323
In base 9, what is 532 + 75450?
76082
In base 10, what is 1 - -41541960?
41541961
In base 15, what is 1 - 442970?
-44296e
In base 15, what is -2d45775e + 2?
-2d45775c
In base 10, what is 0 + 27357235?
27357235
In base 6, what is 152125 - -5013?
201142
In base 12, what is -1 + -292aa7?
-292aa8
In base 16, what is -12c0 - -34b?
-f75
In base 8, what is -21 + -354413?
-354434
In base 10, what is 1758834 + -33?
1758801
In base 13, what is -6 - 675156?
-67515c
In base 15, what is -3 - 1518e4?
-1518e7
In base 16, what is -7fdf1f7 + 5?
-7fdf1f2
In base 13, what is 93c58 - -40?
93c98
In base 10, what is 1314 - 22204?
-20890
In base 16, what is 12 + -e6f4d7?
-e6f4c5
In base 4, what is 10300003133 - 133?
10300003000
In base 8, what is -7471 + -27735?
-37426
In base 12, what is 3 - -79872969?
79872970
In base 10, what is -30 - 296456?
-296486
In base 2, what is 1101100011010 + 10010101?
1101110101111
In base 4, what is -101021 + -10230131?
-10331212
In base 4, what is -230032222 + 32330?
-223333232
In base 14, what is 5 - -44b63aa?
44b63b1
In base 8, what is -1215 + 423446?
422231
In base 9, what is 10024615 + -3?
10024612
In base 14, what is -26687 + -335?
-269bc
In base 16, what is -1 + 1f288fa?
1f288f9
In base 2, what is -11110011100 - 11101000001?
-111011011101
In base 5, what is 1020321223 - -1?
1020321224
In base 6, what is -5 - -1524233155?
1524233150
In base 3, what is -10 + -2200211101102?
-2200211101112
In base 3, what is 222 - 11201000000112?
-11200222222120
In base 16, what is 56f - 42c7a?
-4270b
In base 15, what is -9d2c2 + 1?
-9d2c1
In base 15, what is -b + -381a303?
-381a30e
In base 11, what is 10a20 + 32169?
43089
In base 8, what is -5 - 10407734?
-10407741
In base 5, what is -1124214411 + -11?
-1124214422
In base 14, what is 18ab - -dcba?
11787
In base 11, what is -1a5558a - 1?
-1a55590
In base 6, what is 30525143 - 14?
30525125
In base 2, what is -110110100011101011111100 - -10001?
-110110100011101011101011
In base 10, what is 2 + -3861306?
-3861304
In base 16, what is 446 - a5d8?
-a192
In base 2, what is -1010 - 1011101010111011100110?
-1011101010111011110000
In base 12, what is -759a8 - -213?
-75795
In base 7, what is 30146143 + 23?
30146166
In base 14, what is 10d15 + b9?
10dd0
In base 15, what is 3ddc10 - -10?
3ddc20
In base 13, what is 87a74 + -6a?
87a07
In base 12, what is 22745 + -181?
22584
In base 15, what is -1544a + -1eb3?
-1740d
In base 3, what is -22002111111 + 2?
-22002111102
In base 8, what is 24 - 2640135?
-2640111
In base 16, what is -6c7 + b6a?
4a3
In base 4, what is 3 + 13202332221032?
13202332221101
In base 10, what is -3038678 - -24?
-3038654
In base 15, what is 21 + 8224b1?
8224d2
In base 14, what is a + 1b2295?
1b22a1
In base 7, what is 24154 + 40252?
64436
In base 12, what is 134a033 + 9?
134a040
In base 5, what is -303 - -21014?
20211
In base 7, what is -6 + -14306546?
-14306555
In base 13, what is 5440c4c + 2?
5440c51
In base 5, what is -3402410 + -1100?
-3404010
In base 2, what is 100 + 11100110000001101101001?
11100110000001101101101
In base 12, what is 40215 + 11b?
40334
In base 12, what is -28 + 57695a?
576932
In base 14, what is 1 - -60791a0?
60791a1
In base 4, what is 121021012003233 - -3?
121021012003302
In base 3, what is -100022011 + -221000202?
-1021022220
In base 8, what is -1370422 + -136?
-1370560
In base 15, what is a52b17 + -5?
a52b12
In base 8, what is 2772053025 - 0?
2772053025
In base 15, what is 2e9 - -c74c3?
c77bc
In base 9, what is -103444 + 1127?
-102316
In base 16, what is 1a64b + 7a?
1a6c5
In base 10, what is -2676 - 44545?
-47221
In base 12, what is -23a96b - -2?
-23a969
In base 3, what is 111 + -10011021210101?
-10011021202220
In base 3, what is 120121001022 - -1110?
120121002202
In base 10, what is -4 + 9894922?
9894918
In base 14, what is 0 - -10b06ba4?
10b06ba4
In base 10, what is -141879 + 34?
-141845
In base 9, what is -427445 - -870?
-426465
In base 8, what is -454501 + -171?
-454672
In base 12, what is -b1a3 - 1131?
-10314
In base 16, what is -182a9 + -9?
-182b2
In base 6, what is 322054 + -2134?
315520
In base 3, what is -1222112021200 + -1022?
-1222112022222
In base 8, what is -5661326 + 135?
-5661171
In base 16, what is -7c8c4d + 6?
-7c8c47
In base 9, what is 3 + 106353672?
106353675
In base 10, what is 359103512 + 0?
359103512
In base 11, what is -440 + 18997?
18557
In base 3, what is -222221 + 112022212?
111022221
In base 14, what is -24d0 + 14c2?
-100c
In base 7, what is 1115 + -3666400?
-3665252
In base 3, what is 1220021022 - 10221021?
1202100001
In base 15, what is d0e6a + -8d?
d0dcc
In base 7, what is 24346 - 35504?
-11125
In base 6, what is 40045 + 254500?
334545
In base 6, what is 24224 - -3355200?
3423424
In base 11, what is -133a165 - 5?
-133a16a
In base 7, what is -12335614062 + 3?
-12335614056
In base 10, what is -12 + -7357151?
-7357163
In base 3, what is 220112001 + -1121?
220110110
In base 10, what is 29422 - -62?
29484
In base 14, what is 4 - -5010962?
5010966
In base 4, what is 1 - 1323113010031?
-1323113010030
In base 7, what is 10425 + -1231225?
-1220500
In base 9, what is 22824 + -4070?
17744
In base 10, what is 101 - 7266399?
-7266298
In base 5, what is 34330002431 - 1?
34330002430
In base 6, what is -4 + -3325115425?
-3325115433
In base 5, what is -2 - 221030303123?
-221030303130
In base 9, what is 640385318 - 5?
640385313
In base 4, what is 3122011330 + -12?
3122011312
In base 7, what is 3541 - -241552?
245423
In base 6, what is 254134131 + 520?
254135051
In base 7, what is -221025 - 3313?
-224341
In base 14, what is -42040 + 12?
-4202c
In base 10, what is -6711 - -714?
-5997
In base 8, what is -63 + -45006531?
-45006614
In base 8, what is -2525360071 - -1?
-2525360070
In base 3, what is 110002012 + 1022212111?
1202221200
In base 11, what is 2427a551 + 1?
2427a552
In base 11, what is 265 - -18150?
18405
In base 9, what is -700274117 + -5?
-700274123
In base 6, what is 2155425 - 1?
2155424
In base 5, what is 21301221 + 122?
21301343
In base 10, what is -24193987 - 1?
-24193988
In base 14, what is -5 + -5b1a04?
-5b1a09
In base 5, what is -103234103 + 103?
-103234000
In base 4, what is -330 - -12131111321?
12131110331
In base 11, what is -1a4387 - -985?
-1a3502
In base 14, what is -1dddb + 86?
-1dd55
In base 9, what is -1364 + -120227?
-121602
In base 14, what is -12ad3a6 - -22?
-12ad384
In base 12, what is -3241a75b + -4?
-3241a763
In base 14, what is -4152 - -1a62?
-24d0
In base 4, what is -11 - 1203003331130?
-12